{"id":3,"date":"2020-11-06T15:48:41","date_gmt":"2020-11-06T15:48:41","guid":{"rendered":"http:\/\/pullpistache.com\/?page_id=3"},"modified":"2024-06-25T18:54:41","modified_gmt":"2024-06-25T18:54:41","slug":"privacy-policy","status":"publish","type":"page","link":"https:\/\/pullpistache.com\/index.php\/privacy-policy\/","title":{"rendered":"Mentions l\u00e9gales"},"content":{"rendered":"\t\t<div data-elementor-type=\"wp-page\" data-elementor-id=\"3\" class=\"elementor elementor-3\">\n\t\t\t\t\t\t<section class=\"elementor-section elementor-top-section elementor-element elementor-element-137b7874 elementor-section-boxed elementor-section-height-default elementor-section-height-default\" data-id=\"137b7874\" data-element_type=\"section\">\n\t\t\t\t\t\t<div class=\"elementor-container elementor-column-gap-default\">\n\t\t\t\t\t<div class=\"elementor-column elementor-col-100 elementor-top-column elementor-element elementor-element-2dd8b7b3\" data-id=\"2dd8b7b3\" data-element_type=\"column\">\n\t\t\t<div class=\"elementor-widget-wrap elementor-element-populated\">\n\t\t\t\t\t\t<div class=\"elementor-element elementor-element-6ffc9801 elementor-widget elementor-widget-text-editor\" data-id=\"6ffc9801\" data-element_type=\"widget\" data-widget_type=\"text-editor.default\">\n\t\t\t\t<div class=\"elementor-widget-container\">\n\t\t\t\t\t\t\t\t\t<p><\/p>\n<h2 class=\"wp-block-heading\">Qui est PULL PISTACHE ?<\/h2>\n<p>Bonjour et bienvenue sur le site dont l&rsquo;adresse web est\u00a0<span style=\"font-size: 1rem;\">https:\/\/pullpistache.com.<\/span><\/p>\n<p><span style=\"font-size: 1rem;\">PULL PISTACHE\u00a0<\/span><span style=\"color: #4d5156; font-family: arial, sans-serif; font-size: 14px;\">\u00a9<\/span><span style=\"font-size: 1rem;\"> \u00a0est une marque appartenant \u00e0 Equanime, micro entreprise, dont le si\u00e8ge social est \u00e0 La Mulati\u00e8re 69350.\u00a0<\/span><\/p>\n<p>La marque PULL PISTACHE met \u00e0 votre disposition du contenu gratuit, dont vous pourrez profiter librement chaque fois que vous acc\u00e9derez au site web. En tant qu&rsquo;utilisateur du site web, vous \u00eates les bienvenues pour nous contacter afin de r\u00e9soudre certains doutes que vous pourriez avoir.<\/p>\n<p>hello@pullpistache.com<\/p>\n<p><\/p>\n<h2 class=\"wp-block-heading\">Protection des donn\u00e9es personnelles<\/h2>\n<p><\/p>\n<h3 class=\"wp-block-heading\"><span style=\"font-size: 1.375rem;\">Media et documents<\/span><\/h3>\n<p><\/p>\n<p><span style=\"color: #222222; font-family: Arial, Helvetica, sans-serif; font-size: small;\">Toute reproduction, distribution, modification, adaptation, retransmission ou publication, m\u00eame partielle, de ces diff\u00e9rents \u00e9l\u00e9ments est strictement interdite sans l&rsquo;accord expr\u00e8s par \u00e9crit de PULL PISTACHE. Cette repr\u00e9sentation ou reproduction, par quelque proc\u00e9d\u00e9 que ce soit, constitue une contrefa\u00e7on sanctionn\u00e9e par les articles L.335-2 et suivants du Code de la propri\u00e9t\u00e9 intellectuelle. Le non-respect de cette interdiction constitue une contrefa\u00e7on pouvant engager la responsabilit\u00e9 civile et p\u00e9nale du contrefacteur. En outre, les propri\u00e9taires des contenus copi\u00e9s pourraient intenter une action en justice \u00e0 votre encontre.<\/span><\/p>\n<div>\n<p><span style=\"color: #222222; font-family: Arial, Helvetica, sans-serif; font-size: small;\">Merci de lire avec attention les diff\u00e9rentes modalit\u00e9s d\u2019utilisation du pr\u00e9sent site avant d\u2019y parcourir ses pages. En vous connectant sur ce site, vous acceptez sans r\u00e9serves les pr\u00e9sentes modalit\u00e9s.\u00a0Aussi, conform\u00e9ment \u00e0 l\u2019article n\u00b06 de la Loi n\u00b02004-575 du 21 Juin 2004 pour la confiance dans l\u2019\u00e9conomie num\u00e9rique, les responsables du pr\u00e9sent site internet &lt;a href=\u00a0\u00bbhttp:\/\/<\/span><a style=\"color: #1155cc; font-family: Arial, Helvetica, sans-serif; font-size: small; background-color: #ffffff;\" href=\"https:\/\/pullpistache.com\/\" target=\"_blank\" rel=\"noopener noreferrer\" data-saferedirecturl=\"https:\/\/www.google.com\/url?q=https:\/\/pullpistache.com\/&amp;source=gmail&amp;ust=1615142240178000&amp;usg=AFQjCNG82AM6nSTa-nl6-EqfIh2F5MbJZA\">https:\/\/pullpista<wbr \/>che.com\/<\/a><span style=\"color: #222222; font-family: Arial, Helvetica, sans-serif; font-size: small;\">\u00ab\u00a0&gt;<\/span><a style=\"color: #1155cc; font-family: Arial, Helvetica, sans-serif; font-size: small; background-color: #ffffff;\" href=\"https:\/\/pullpistache.com\/\" target=\"_blank\" rel=\"noopener noreferrer\" data-saferedirecturl=\"https:\/\/www.google.com\/url?q=https:\/\/pullpistache.com\/&amp;source=gmail&amp;ust=1615142240178000&amp;usg=AFQjCNG82AM6nSTa-nl6-EqfIh2F5MbJZA\">https:\/\/pullpistache<wbr \/>.com\/<\/a><span style=\"color: #222222; font-family: Arial, Helvetica, sans-serif; font-size: small;\">&lt;\/a&gt;\u00a0sont :<\/span><br style=\"color: #222222; font-family: Arial, Helvetica, sans-serif; font-size: small;\" \/><br style=\"color: #222222; font-family: Arial, Helvetica, sans-serif; font-size: small;\" \/><span style=\"color: #222222; font-family: Arial, Helvetica, sans-serif; font-size: small;\">Marque PULL PISTACHE<\/span><br style=\"color: #222222; font-family: Arial, Helvetica, sans-serif; font-size: small;\" \/><span style=\"color: #222222; font-family: Arial, Helvetica, sans-serif; font-size: small;\">Num\u00e9ro de SIRET :\u00a0 894793077<\/span><br style=\"color: #222222; font-family: Arial, Helvetica, sans-serif; font-size: small;\" \/><span style=\"color: #222222; font-family: Arial, Helvetica, sans-serif; font-size: small;\">Responsable \u00e9ditorial :\u00a0Sophia DURAND CHAPUIS<\/span><br style=\"color: #222222; font-family: Arial, Helvetica, sans-serif; font-size: small;\" \/><span style=\"color: #222222; font-family: Arial, Helvetica, sans-serif; font-size: small;\">T\u00e9l\u00e9phone\u00a0: confidentiel pour le moment<\/span><br style=\"color: #222222; font-family: Arial, Helvetica, sans-serif; font-size: small;\" \/><span style=\"color: #222222; font-family: Arial, Helvetica, sans-serif; font-size: small;\">Email :\u00a0<\/span><a style=\"color: #1155cc; font-family: Arial, Helvetica, sans-serif; font-size: small; background-color: #ffffff;\" href=\"mailto:hello@pullpistache.com\" target=\"_blank\" rel=\"noopener\">hello@pullpistache.com<\/a><br style=\"color: #222222; font-family: Arial, Helvetica, sans-serif; font-size: small;\" \/><span style=\"color: #222222; font-family: Arial, Helvetica, sans-serif; font-size: small;\">Site Web : \/\/<\/span><a style=\"color: #1155cc; font-family: Arial, Helvetica, sans-serif; font-size: small; background-color: #ffffff;\" href=\"https:\/\/pullpistache.com\/\" target=\"_blank\" rel=\"noopener noreferrer\" data-saferedirecturl=\"https:\/\/www.google.com\/url?q=https:\/\/pullpistache.com\/&amp;source=gmail&amp;ust=1615142240178000&amp;usg=AFQjCNG82AM6nSTa-nl6-EqfIh2F5MbJZA\">https:\/\/pullpista<wbr \/>che.com\/<\/a><br style=\"color: #222222; font-family: Arial, Helvetica, sans-serif; font-size: small;\" \/><span style=\"color: #222222; font-family: Arial, Helvetica, sans-serif; font-size: small;\">H\u00e9bergeur\u00a0: Hostinger dont le site web est<\/span> <a style=\"color: #1155cc; font-family: Arial, Helvetica, sans-serif; font-size: small; background-color: #ffffff;\" href=\"https:\/\/www.hostinger.fr\/\" target=\"_blank\" rel=\"noopener noreferrer\" data-saferedirecturl=\"https:\/\/www.google.com\/url?q=https:\/\/www.hostinger.fr\/&amp;source=gmail&amp;ust=1615142240178000&amp;usg=AFQjCNEHIDPXT4_2GgaL2C1YFvoGtJaJeQ\">https:\/\/www.hostinge<wbr \/>r.fr\/<\/a><br style=\"color: #222222; font-family: Arial, Helvetica, sans-serif; font-size: small;\" \/><span style=\"color: #222222; font-family: Arial, Helvetica, sans-serif; font-size: small;\">D\u00e9veloppement sous\u00a0<\/span><span style=\"color: #222222; font-family: Arial, Helvetica, sans-serif; font-size: small;\">WordPress dont le site web est\u00a0<\/span><a style=\"background-color: #ffffff; color: #1155cc; font-family: Arial, Helvetica, sans-serif; font-size: small;\" href=\"https:\/\/wordpress.com\/fr\/\" target=\"_blank\" rel=\"noopener noreferrer\" data-saferedirecturl=\"https:\/\/www.google.com\/url?q=https:\/\/wordpress.com\/fr\/&amp;source=gmail&amp;ust=1615142240178000&amp;usg=AFQjCNEoeCNOdQwDlhKgjd7_Cvqd7975QA\">https:\/\/wordpress.<wbr \/>com\/fr\/<\/a><br style=\"color: #222222; font-family: Arial, Helvetica, sans-serif; font-size: small;\" \/><span style=\"color: #222222; font-family: Arial, Helvetica, sans-serif; font-size: small;\">Adresse :\u00a060 29th Street #343 , CA 94110 , San Francisco, USA<\/span><br style=\"color: #222222; font-family: Arial, Helvetica, sans-serif; font-size: small;\" \/><span style=\"color: #222222; font-family: Arial, Helvetica, sans-serif; font-size: small;\">Site Web : www.pullpistache.com<\/span><\/p>\n<h2>Conditions d&rsquo;utilisation du site web PULL PISTACHE<\/h2>\n<h3><span style=\"font-size: 1.375rem;\">Navigation<\/span><\/h3>\n<p><span style=\"color: #222222; font-family: Arial, Helvetica, sans-serif; font-size: small;\">Ce site www.pullpistache.com<\/span><span style=\"color: #222222; font-family: Arial, Helvetica, sans-serif; font-size: small;\">\u00a0est propos\u00e9 en diff\u00e9rents langages web (HTML, HTML5, Javascript, CSS, etc\u2026) pour un meilleur confort d&rsquo;utilisation et un graphisme plus agr\u00e9able, nous vous recommandons de recourir \u00e0 des navigateurs modernes comme Internet explorer, Safari, Firefox, Google Chrome, etc\u2026<\/span><span style=\"color: #222222; font-family: Arial, Helvetica, sans-serif; font-size: small;\">Les mentions l\u00e9gales ont \u00e9t\u00e9 g\u00e9n\u00e9r\u00e9es, en partie, sur le site \u00ab\u00a0g\u00e9n\u00e9rateur de mentions l\u00e9gales pour site internet gratuit\u00a0\u00bb.<\/span><\/p>\n<h3><span style=\"font-size: 1.375rem;\">Politique de cookies<\/span><\/h3>\n<p><br style=\"color: #222222; font-family: Arial, Helvetica, sans-serif; font-size: small;\" \/><span style=\"color: #222222; font-family: Arial, Helvetica, sans-serif; font-size: small;\">Le site www.pullpistache.com\u00a0<\/span><span style=\"color: #222222; font-family: Arial, Helvetica, sans-serif; font-size: small;\">peut-\u00eatre amen\u00e9 \u00e0 vous demander l\u2019acceptation des cookies pour des besoins de statistiques et d&rsquo;affichage. Un cookies est une information d\u00e9pos\u00e9e sur votre disque dur par le serveur du site que vous visitez. Il contient plusieurs donn\u00e9es qui sont stock\u00e9es sur votre ordinateur dans un simple fichier texte auquel un serveur acc\u00e8de pour lire et enregistrer des informations . Certaines parties de ce site ne peuvent \u00eatre fonctionnelles sans l\u2019acceptation de cookies.<\/span><\/p>\n<div>\n<p><span style=\"color: #222222; font-family: Arial, Helvetica, sans-serif; font-size: small;\">Enfin, nous pouvons collecter de mani\u00e8re automatique certaines informations vous concernant lors d\u2019une simple navigation sur notre site Internet, notamment : des informations concernant l\u2019utilisation de notre site, comme les zones que vous visitez et les services auxquels vous acc\u00e9dez, votre adresse IP, le type de votre navigateur, vos temps d&rsquo;acc\u00e8s. De telles informations sont utilis\u00e9es exclusivement \u00e0 des fins de statistiques internes, de mani\u00e8re \u00e0 am\u00e9liorer la qualit\u00e9 des services qui vous sont propos\u00e9s. Les bases de donn\u00e9es sont prot\u00e9g\u00e9es par les dispositions de la loi du 1er juillet 1998 transposant la directive 96\/9 du 11 mars 1996 relative \u00e0 la protection juridique des bases de donn\u00e9es.<\/span><\/p>\n<\/div>\n<h3><span style=\"font-size: 1.375rem;\">Partage<\/span><\/h3>\n<h3><strong><span style=\"color: #222222; font-family: Arial, Helvetica, sans-serif; font-size: small;\">Les utilisateurs, les abonn\u00e9s et les visiteurs du site internet www.pullpistache.com peuvent mettre en place un hyperlien en direction de ce site en pr\u00e9venant d&rsquo;avance et en ayant l&rsquo;autorisation expresse et pr\u00e9alable de PULL PISTACHE.<\/span><\/strong><\/h3>\n<h3><span style=\"font-size: 1.375rem;\">T\u00e9l\u00e9chargements<\/span><\/h3>\n<p><span style=\"color: #222222; font-family: Arial, Helvetica, sans-serif; font-size: small;\">Tout contenu t\u00e9l\u00e9charg\u00e9 se fait aux risques et p\u00e9rils de l&rsquo;utilisateur et sous sa seule responsabilit\u00e9. En cons\u00e9quence, ne saurait \u00eatre tenu responsable d&rsquo;un quelconque dommage subi par l&rsquo;ordinateur de l&rsquo;utilisateur ou d&rsquo;une quelconque perte de donn\u00e9es cons\u00e9cutives au t\u00e9l\u00e9chargement. De plus, l\u2019utilisateur du site s\u2019engage \u00e0 acc\u00e9der au site en utilisant un mat\u00e9riel r\u00e9cent, ne contenant pas de virus et avec un navigateur de derni\u00e8re g\u00e9n\u00e9ration mis-\u00e0-jour.<\/span><\/p>\n<\/div>\n<p><span style=\"color: #222222; font-family: Arial, Helvetica, sans-serif; font-size: small;\">Les renseignements figurant sur le site<\/span><span style=\"color: #222222; font-family: Arial, Helvetica, sans-serif; font-size: small;\">\u00a0ne sont pas exhaustifs et les photos non contractuelles. Ils sont donn\u00e9s sous r\u00e9serve de modifications ayant \u00e9t\u00e9 apport\u00e9es depuis leur mise en ligne.\u00a0<\/span><\/p>\n<div>\n<p><span style=\"color: #222222; font-family: Arial, Helvetica, sans-serif; font-size: small;\">D\u00e9claration \u00e0 la CNIL :\u00a0<\/span><\/p>\n<p><span style=\"color: #222222; font-family: Arial, Helvetica, sans-serif; font-size: small;\">Conform\u00e9ment \u00e0 la loi 78-17 du 6 janvier 1978 (modifi\u00e9e par la loi 2004-801 du 6 ao\u00fbt 2004 relative \u00e0 la protection des personnes physiques \u00e0 l&rsquo;\u00e9gard des traitements de donn\u00e9es \u00e0 caract\u00e8re personnel) relative \u00e0 l&rsquo;informatique, aux fichiers et aux libert\u00e9s, ce site n&rsquo;a pas fait l&rsquo;objet d&rsquo;une d\u00e9claration\u00a0 aupr\u00e8s de la Commission nationale de l&rsquo;informatique et des libert\u00e9s\u00a0<\/span><\/p>\n<p><span style=\"color: #222222; font-family: Arial, Helvetica, sans-serif; font-size: small;\">Les pr\u00e9sentes conditions du site<\/span><span style=\"color: #222222; font-family: Arial, Helvetica, sans-serif; font-size: small;\">\u00a0sont r\u00e9gies par les lois fran\u00e7aises et toute contestation ou litiges qui pourraient na\u00eetre de l&rsquo;interpr\u00e9tation ou de l&rsquo;ex\u00e9cution de celles-ci seront de la comp\u00e9tence exclusive des tribunaux dont d\u00e9pend le si\u00e8ge social de la soci\u00e9t\u00e9. La langue de r\u00e9f\u00e9rence, pour le r\u00e8glement de contentieux \u00e9ventuels, est le fran\u00e7ais.<\/span><\/p>\n<\/div>\n<div>\n<h3><span style=\"font-size: 1.375rem;\">Donn\u00e9es personnelles<\/span><\/h3>\n<p><span style=\"color: #222222; font-family: Arial, Helvetica, sans-serif; font-size: small;\">De mani\u00e8re g\u00e9n\u00e9rale, vous n\u2019\u00eates pas tenu de nous communiquer vos donn\u00e9es personnelles lorsque vous visitez notre site Internet.<\/span><\/p>\n<\/div>\n<h2>Conditions de g\u00e9n\u00e9rales de ventes<\/h2>\n<div>Aucun services ou produit n&rsquo;est en vente sur le site internet de www.pullpistache.com<br \/>Les produits num\u00e9riques payants sont accessibles sur la plateforme Etsy.<\/div>\n<div>\u00a0<\/div>\n<p><\/p>\t\t\t\t\t\t\t\t<\/div>\n\t\t\t\t<\/div>\n\t\t\t\t\t<\/div>\n\t\t<\/div>\n\t\t\t\t\t<\/div>\n\t\t<\/section>\n\t\t\t\t<\/div>\n\t\t","protected":false},"excerpt":{"rendered":"<p>Qui est PULL PISTACHE ? Bonjour et bienvenue sur le site dont l&rsquo;adresse web est\u00a0https:\/\/pullpistache.com. PULL PISTACHE\u00a0\u00a9 \u00a0est une marque appartenant \u00e0 Equanime, micro entreprise, dont le si\u00e8ge social est \u00e0 La Mulati\u00e8re 69350.\u00a0 La marque PULL PISTACHE met \u00e0 votre disposition du contenu gratuit, dont vous pourrez profiter librement chaque fois que vous acc\u00e9derez [&hellip;]<\/p>\n","protected":false},"author":1,"featured_media":0,"parent":0,"menu_order":0,"comment_status":"closed","ping_status":"open","template":"","meta":{"saved_in_kubio":false,"footnotes":""},"kubio_ai_page_context":{"short_desc":"","purpose":"general"},"yoast_head":"<!-- This site is optimized with the Yoast SEO plugin v22.8 - https:\/\/yoast.com\/wordpress\/plugins\/seo\/ -->\n<title>Mentions l\u00e9gales - PULL PISTACHE<\/title>\n<meta name=\"robots\" content=\"index, follow, max-snippet:-1, max-image-preview:large, max-video-preview:-1\" \/>\n<link rel=\"canonical\" href=\"https:\/\/pullpistache.com\/index.php\/privacy-policy\/\" \/>\n<meta property=\"og:locale\" content=\"fr_FR\" \/>\n<meta property=\"og:type\" content=\"article\" \/>\n<meta property=\"og:title\" content=\"Mentions l\u00e9gales - PULL PISTACHE\" \/>\n<meta property=\"og:description\" content=\"Qui est PULL PISTACHE ? Bonjour et bienvenue sur le site dont l&rsquo;adresse web est\u00a0https:\/\/pullpistache.com. PULL PISTACHE\u00a0\u00a9 \u00a0est une marque appartenant \u00e0 Equanime, micro entreprise, dont le si\u00e8ge social est \u00e0 La Mulati\u00e8re 69350.\u00a0 La marque PULL PISTACHE met \u00e0 votre disposition du contenu gratuit, dont vous pourrez profiter librement chaque fois que vous acc\u00e9derez [&hellip;]\" \/>\n<meta property=\"og:url\" content=\"https:\/\/pullpistache.com\/index.php\/privacy-policy\/\" \/>\n<meta property=\"og:site_name\" content=\"PULL PISTACHE\" \/>\n<meta property=\"article:publisher\" content=\"https:\/\/www.facebook.com\/pullpistache\/\" \/>\n<meta property=\"article:modified_time\" content=\"2024-06-25T18:54:41+00:00\" \/>\n<meta name=\"twitter:card\" content=\"summary_large_image\" \/>\n<meta name=\"twitter:label1\" content=\"Dur\u00e9e de lecture estim\u00e9e\" \/>\n\t<meta name=\"twitter:data1\" content=\"5 minutes\" \/>\n<script type=\"application\/ld+json\" class=\"yoast-schema-graph\">{\"@context\":\"https:\/\/schema.org\",\"@graph\":[{\"@type\":\"WebPage\",\"@id\":\"https:\/\/pullpistache.com\/index.php\/privacy-policy\/\",\"url\":\"https:\/\/pullpistache.com\/index.php\/privacy-policy\/\",\"name\":\"Mentions l\u00e9gales - PULL PISTACHE\",\"isPartOf\":{\"@id\":\"https:\/\/pullpistache.com\/#website\"},\"datePublished\":\"2020-11-06T15:48:41+00:00\",\"dateModified\":\"2024-06-25T18:54:41+00:00\",\"breadcrumb\":{\"@id\":\"https:\/\/pullpistache.com\/index.php\/privacy-policy\/#breadcrumb\"},\"inLanguage\":\"fr-FR\",\"potentialAction\":[{\"@type\":\"ReadAction\",\"target\":[\"https:\/\/pullpistache.com\/index.php\/privacy-policy\/\"]}]},{\"@type\":\"BreadcrumbList\",\"@id\":\"https:\/\/pullpistache.com\/index.php\/privacy-policy\/#breadcrumb\",\"itemListElement\":[{\"@type\":\"ListItem\",\"position\":1,\"name\":\"Accueil\",\"item\":\"https:\/\/pullpistache.com\/\"},{\"@type\":\"ListItem\",\"position\":2,\"name\":\"Mentions l\u00e9gales\"}]},{\"@type\":\"WebSite\",\"@id\":\"https:\/\/pullpistache.com\/#website\",\"url\":\"https:\/\/pullpistache.com\/\",\"name\":\"PULL PISTACHE\",\"description\":\"Vous accompagner dans la cr\u00e9ation de votre collection de mode\",\"publisher\":{\"@id\":\"https:\/\/pullpistache.com\/#organization\"},\"potentialAction\":[{\"@type\":\"SearchAction\",\"target\":{\"@type\":\"EntryPoint\",\"urlTemplate\":\"https:\/\/pullpistache.com\/?s={search_term_string}\"},\"query-input\":\"required name=search_term_string\"}],\"inLanguage\":\"fr-FR\"},{\"@type\":\"Organization\",\"@id\":\"https:\/\/pullpistache.com\/#organization\",\"name\":\"PULL PISTACHE\",\"url\":\"https:\/\/pullpistache.com\/\",\"logo\":{\"@type\":\"ImageObject\",\"inLanguage\":\"fr-FR\",\"@id\":\"https:\/\/pullpistache.com\/#\/schema\/logo\/image\/\",\"url\":\"https:\/\/pullpistache.com\/wp-content\/uploads\/2021\/03\/cropped-Logo-Pull-Pistache-icone-02.png\",\"contentUrl\":\"https:\/\/pullpistache.com\/wp-content\/uploads\/2021\/03\/cropped-Logo-Pull-Pistache-icone-02.png\",\"width\":252,\"height\":250,\"caption\":\"PULL PISTACHE\"},\"image\":{\"@id\":\"https:\/\/pullpistache.com\/#\/schema\/logo\/image\/\"},\"sameAs\":[\"https:\/\/www.facebook.com\/pullpistache\/\",\"https:\/\/www.instagram.com\/pull.pistache\/\",\"https:\/\/www.youtube.com\/pullpistache\",\"https:\/\/www.pinterest.fr\/pullpistache\/\"]}]}<\/script>\n<!-- \/ Yoast SEO plugin. -->","yoast_head_json":{"title":"Mentions l\u00e9gales - PULL PISTACHE","robots":{"index":"index","follow":"follow","max-snippet":"max-snippet:-1","max-image-preview":"max-image-preview:large","max-video-preview":"max-video-preview:-1"},"canonical":"https:\/\/pullpistache.com\/index.php\/privacy-policy\/","og_locale":"fr_FR","og_type":"article","og_title":"Mentions l\u00e9gales - PULL PISTACHE","og_description":"Qui est PULL PISTACHE ? Bonjour et bienvenue sur le site dont l&rsquo;adresse web est\u00a0https:\/\/pullpistache.com. PULL PISTACHE\u00a0\u00a9 \u00a0est une marque appartenant \u00e0 Equanime, micro entreprise, dont le si\u00e8ge social est \u00e0 La Mulati\u00e8re 69350.\u00a0 La marque PULL PISTACHE met \u00e0 votre disposition du contenu gratuit, dont vous pourrez profiter librement chaque fois que vous acc\u00e9derez [&hellip;]","og_url":"https:\/\/pullpistache.com\/index.php\/privacy-policy\/","og_site_name":"PULL PISTACHE","article_publisher":"https:\/\/www.facebook.com\/pullpistache\/","article_modified_time":"2024-06-25T18:54:41+00:00","twitter_card":"summary_large_image","twitter_misc":{"Dur\u00e9e de lecture estim\u00e9e":"5 minutes"},"schema":{"@context":"https:\/\/schema.org","@graph":[{"@type":"WebPage","@id":"https:\/\/pullpistache.com\/index.php\/privacy-policy\/","url":"https:\/\/pullpistache.com\/index.php\/privacy-policy\/","name":"Mentions l\u00e9gales - PULL PISTACHE","isPartOf":{"@id":"https:\/\/pullpistache.com\/#website"},"datePublished":"2020-11-06T15:48:41+00:00","dateModified":"2024-06-25T18:54:41+00:00","breadcrumb":{"@id":"https:\/\/pullpistache.com\/index.php\/privacy-policy\/#breadcrumb"},"inLanguage":"fr-FR","potentialAction":[{"@type":"ReadAction","target":["https:\/\/pullpistache.com\/index.php\/privacy-policy\/"]}]},{"@type":"BreadcrumbList","@id":"https:\/\/pullpistache.com\/index.php\/privacy-policy\/#breadcrumb","itemListElement":[{"@type":"ListItem","position":1,"name":"Accueil","item":"https:\/\/pullpistache.com\/"},{"@type":"ListItem","position":2,"name":"Mentions l\u00e9gales"}]},{"@type":"WebSite","@id":"https:\/\/pullpistache.com\/#website","url":"https:\/\/pullpistache.com\/","name":"PULL PISTACHE","description":"Vous accompagner dans la cr\u00e9ation de votre collection de mode","publisher":{"@id":"https:\/\/pullpistache.com\/#organization"},"potentialAction":[{"@type":"SearchAction","target":{"@type":"EntryPoint","urlTemplate":"https:\/\/pullpistache.com\/?s={search_term_string}"},"query-input":"required name=search_term_string"}],"inLanguage":"fr-FR"},{"@type":"Organization","@id":"https:\/\/pullpistache.com\/#organization","name":"PULL PISTACHE","url":"https:\/\/pullpistache.com\/","logo":{"@type":"ImageObject","inLanguage":"fr-FR","@id":"https:\/\/pullpistache.com\/#\/schema\/logo\/image\/","url":"https:\/\/pullpistache.com\/wp-content\/uploads\/2021\/03\/cropped-Logo-Pull-Pistache-icone-02.png","contentUrl":"https:\/\/pullpistache.com\/wp-content\/uploads\/2021\/03\/cropped-Logo-Pull-Pistache-icone-02.png","width":252,"height":250,"caption":"PULL PISTACHE"},"image":{"@id":"https:\/\/pullpistache.com\/#\/schema\/logo\/image\/"},"sameAs":["https:\/\/www.facebook.com\/pullpistache\/","https:\/\/www.instagram.com\/pull.pistache\/","https:\/\/www.youtube.com\/pullpistache","https:\/\/www.pinterest.fr\/pullpistache\/"]}]}},"_links":{"self":[{"href":"https:\/\/pullpistache.com\/index.php\/wp-json\/wp\/v2\/pages\/3"}],"collection":[{"href":"https:\/\/pullpistache.com\/index.php\/wp-json\/wp\/v2\/pages"}],"about":[{"href":"https:\/\/pullpistache.com\/index.php\/wp-json\/wp\/v2\/types\/page"}],"author":[{"embeddable":true,"href":"https:\/\/pullpistache.com\/index.php\/wp-json\/wp\/v2\/users\/1"}],"replies":[{"embeddable":true,"href":"https:\/\/pullpistache.com\/index.php\/wp-json\/wp\/v2\/comments?post=3"}],"version-history":[{"count":13,"href":"https:\/\/pullpistache.com\/index.php\/wp-json\/wp\/v2\/pages\/3\/revisions"}],"predecessor-version":[{"id":1409,"href":"https:\/\/pullpistache.com\/index.php\/wp-json\/wp\/v2\/pages\/3\/revisions\/1409"}],"wp:attachment":[{"href":"https:\/\/pullpistache.com\/index.php\/wp-json\/wp\/v2\/media?parent=3"}],"curies":[{"name":"wp","href":"https:\/\/api.w.org\/{rel}","templated":true}]}}